**3 + n**2 - 3*n + 2. Give s(1).
-19
Let x(y) = -y**3 + 2*y**2 + 55. What is x(7)?
-190
Let w(d) = 17*d - 4. Calculate w(3).
47
Let c(z) = z**2 - 5*z + 8. Determine c(0).
8
Let r(g) = -g**2 + 9*g + 14. Give r(10).
4
Let t(m) = m - 1. What is t(-7)?
-8
Let a(d) = -d**2 - 7*d + 14. Calculate a(-9).
-4
Let c(b) = 3*b - 11. Calculate c(8).
13
Let b(p) = p**3 + 13*p**2 + 17*p. Determine b(-10).
130
Let n(z) = -z**2 + 15*z - 26. What is n(5)?
24
Let h(g) = -g**3 + 2*g**2 + 7*g - 8. Give h(4).
-12
Let p(h) = h**2 - 11*h - 16. What is p(12)?
-4
Let w(o) = o**3 - 7*o**2 + 3*o - 13. Calculate w(7).
8
Let o(r) = r**3 - 21*r**2 - 44*r + 1. Calculate o(23).
47
Let s(r) = -2*r**2 + 47*r + 83. What is s(25)?
8
Let m(h) = -h**2 + 26*h - 181. Calculate m(13).
-12
Let v(m) = m**2 + 10*m - 3. Give v(-10).
-3
Let s(c) = -c**2 + 2*c + 14. Calculate s(5).
-1
Let u(p) = -p - 4. Determine u(-16).
12
Let m(v) = 2*v**2 - 10*v + 24. What is m(3)?
12
Let z(w) = w**3 + 9*w**2 + 10*w - 8. What is z(-8)?
-24
Let h(f) = 3*f**2 + 13*f - 23. What is h(2)?
15
Let w(a) = -a + 7. Calculate w(14).
-7
Let w(o) = 3*o - 2. Determine w(-2).
-8
Let t(k) = -k**3 + 10*k**2 + 12*k - 8. Determine t(11).
3
Let f(n) = -2*n**2 - 59*n + 35. What is f(-30)?
5
Let v(w) = -w**3 + 12*w**2 - 23*w + 20. What is v(10)?
-10
Let v(m) = m**3 - 6*m**2 - 6*m - 9. Calculate v(8).
71
Let t(f) = f + 1. What is t(-3)?
-2
Let z(h) = h**3 + 5*h**2 - 3*h - 1. Determine z(-6).
-19
Let v(u) = -3*u**2 - 13*u - 9. Calculate v(-4).
-5
Let k(x) = -x**2 - 69*x - 645. What is k(-58)?
-7
Let o(q) = -24*q**2 + 1. What is o(1)?
-23
Let h(z) = -3*z**3 + 3*z**2 + 3*z + 2. Determine h(-1).
5
Let l(s) = s**3 + 10*s**2 - 2*s - 10. Determine l(-10).
10
Let f(m) = -m**3 + 20*m**2 - 3*m - 305. Determine f(19).
-1
Let i(t) = -t + 3. Determine i(0).
3
Let y(t) = t**3 + 3*t**2 - t - 4. Give y(-5).
-49
Let p(q) = -q**2 - 5*q + 43. Calculate p(-7).
29
Let y(p) = p**2 - 7*p + 9. Calculate y(8).
17
Let k(p) = p - 22. Calculate k(12).
-10
Let h(p) = 25*p**3 - p + 1. Give h(1).
25
Let n(j) = -j - 16. Calculate n(-16).
0
Let p(o) = -35*o - 15. Determine p(1).
-50
Let a(z) = 3*z**2 + z + 6. Give a(-4).
50
Let g(v) = 12*v + 29. Calculate g(-3).
-7
Let l(m) = m**2 - 4*m. Calculate l(-4).
32
Let h(x) = -x**2 + 18*x. Calculate h(18).
0
Let p(f) = 101*f + 105. What is p(-1)?
4
Let p(i) = -3*i**2 - 3*i + 7. Give p(-4).
-29
Let q(u) = 2*u**2 - 20*u - 15. Give q(11).
7
Let r(f) = -f**3 - 4*f**2 + 4*f + 7. What is r(-2)?
-9
Let o(c) = -c**3 + 19*c**2 - 20*c - 8. Determine o(18).
-44
Let d(m) = m**2 + 22*m + 22. Determine d(-21).
1
Let h(u) = -45*u**3 - u**2 - 4*u + 4. Give h(1).
-46
Let v(p) = p**3 - 6*p**2 + 4*p + 6. Calculate v(4).
-10
Let a(z) = -z**3 - 6*z**2 - 2*z + 10. Calculate a(-6).
22
Let f(k) = -15*k. Give f(-5).
75
Let p(i) = -2*i + 17. Give p(9).
-1
Let l(c) = -c - 12. What is l(-21)?
9
Let p(t) = -t**3 - 6*t**2 - 4*t + 7. Calculate p(-5).
2
Let g(k) = -k**3 + 8*k**2 + 5*k - 8. What is g(10)?
-158
Let b(j) = j**3 + 23*j**2 + 25*j + 24. Determine b(-22).
-42
Let c(n) = -4*n + 26. Calculate c(6).
2
Let n(y) = -y**3 + y - 26. What is n(0)?
-26
Let n(h) = -h + 2. Give n(9).
-7
Let h(k) = 3*k + 17. Calculate h(-8).
-7
Let q(f) = f**2 + 6*f - 87. Determine q(-13).
4
Let b(u) = 9*u + 69. Calculate b(-9).
-12
Let s(c) = c**3 + 17*c**2 - 19*c - 21. What is s(-18)?
-3
Let z(r) = 2*r**2 + 10*r + 2. Determine z(-7).
30
Let o(y) = 2*y**2 - 33*y - 13. Give o(16).
-29
Let j(k) = 3*k - 1. Give j(2).
5
Let u(m) = -m**2 - 8*m + 12. Give u(-7).
19
Let w(q) = -q**2 - 15*q - 19. Give w(-8).
37
Let a(g) = 3*g**2 + 3*g - 2. Calculate a(0).
-2
Let u(a) = -117*a**2 - a - 2. Determine u(-1).
-118
Let s(c) = c**3 - 6*c**2 + c + 1. What is s(6)?
7
Let u(t) = t**2 + 11*t + 10. Give u(-11).
10
Let z(o) = o**3 + 6*o**2 + 4*o - 2. What is z(-5)?
3
Let w(c) = -63*c - 185. Calculate w(-3).
4
Let z(m) = m**3 - 13*m**2 + 32*m - 5. What is z(10)?
15
Let g(o) = o - 5. Determine g(0).
-5
Let o(d) = 7*d**3 - d + 3. Determine o(-2).
-51
Let a(y) = -y**3 + 3*y**2 + 5*y + 2. What is a(4)?
6
Let c(a) = -2*a**3 - 8*a**2 + 7*a - 11. What is c(-5)?
4
Let a(l) = -l**2 - 24*l - 14. Give a(-24).
-14
Let f(w) = w**3 - 65*w**2 + 10*w - 645. Determine f(65).
5
Let g(y) = -y**2 - 2*y + 2. Determine g(2).
-6
Let r(c) = c**3 + 5*c**2 - 14*c + 5. Give r(-6).
53
Let m(r) = 3*r**2 + r + 7. Determine m(3).
37
Let x(j) = 8*j - 19. What is x(-4)?
-51
Let p(i) = i**2 + 29*i + 135. Determine p(-23).
-3
Let d(t) = -t**3 + 14*t**2 - 7. What is d(14)?
-7
Let g(p) = -p**2 + 3*p + 2. Calculate g(2).
4
Let c(k) = 3*k**2 + 14*k + 8. Give c(-5).
13
Let w(d) = -10*d - 13. What is w(-7)?
57
Let q(a) = a**2 + 12*a + 8. Determine q(-11).
-3
Let w(r) = 69*r + 206. Calculate w(-3).
-1
Let n(m) = 2*m**2 - 42*m + 30. Calculate n(20).
-10
Let n(s) = -2*s**2 - s. What is n(-2)?
-6
Let r(j) = 7*j**3 - 4*j + 5. Calculate r(1).
8
Let z(d) = 2*d**2 + 24*d + 3. Give z(-12).
3
Let n(p) = 3*p + 43. What is n(-29)?
-44
Let c(s) = -2*s**2 + 4*s. What is c(7)?
-70
Let n(r) = r**3 + 11*r**2 + 52. Determine n(0).
52
Let s(v) = -v - 9. What is s(0)?
-9
Let u(t) = t**2 + 5*t + 4. What is u(-5)?
4
Let g(l) = 2*l**3 + 2*l**2 - 23*l - 5. What is g(-4)?
-9
Let x(k) = k**2 + 7*k + 2. Calculate x(-6).
-4
Let v(t) = -t**3 + 2*t**2 - 3*t + 10. Give v(0).
10
Let c(z) = -z**2 - 3*z + 7. Calculate c(5).
-33
Let p(g) = -5*g + 3. Determine p(1).
-2
Let a(t) = 2*t**2 + 11*t + 5. Calculate a(-5).
0
Let i(f) = -3*f**3 + 21*f**2 - f + 9. Give i(7).
2
Let g(s) = 7*s - 109. Calculate g(15).
-4
Let x(z) = -z**3 - 6*z**2 - z + 3. Give x(-5).
-17
Let r(m) = 6*m - 5. What is r(2)?
7
Let i(t) = 11*t**2 - 14*t - 2. Calculate i(2).
14
Let z(f) = f**2 + 30*f - 78. Determine z(-33).
21
Let k(x) = x + 23. Calculate k(-5).
18
Let t(n) = -n**2 + 4*n - 1. What is t(3)?
2
Let q(j) = -j**3 - 4*j**2 + 5*j + 1. Calculate q(-6).
43
Let c(l) = -9*l + 18. Determine c(3).
-9
Let b(y) = 2*y**2 + 7*y - 56. Give b(-7).
-7
Let l(a) = a**3 + 4*a**2 + 1. What is l(-4)?
1
Let n(h) = 2*h + 137. Give n(-67).
3
Let x(v) = 5*v - 9. Give x(-4).
-29
Let z(y) = 3*y + 5. Determine z(0).
5
Let l(c) = -c**2 + 8*c - 13. Determine l(7).
-6
Let b(j) = -2*j**2 - 19*j + 1. Calculate b(-9).
10
Let f(q) = q**2 + 6*q - 4. Give f(-13).
87
Let k(t) = -t**3 - 21*t**2 + 44*t - 47. What is k(-23)?
-1
Let r(x) = -6*x**3 - 3*x**2 - x. What is r(-2)?
38
Let h(z) = z - 23. Give h(10).
-13
Let q(i) = i**2 + 11*i + 7. What is q(-8)?
-17
Let x(f) = 2*f**2 - 3*f. What is x(2)?
2
Let x(h) = -h**3 + 7*h**2 + 7*h + 3. Calculate x(8).
-5
Let q(h) = h**2 + 5*h - 25. Calculate q(4).
11
Let o(u) = -u + 5. Determine o(-12).
17
Let m(c) = -c**2 - 13*c + 15. What is m(-13)?
15
Let c(d) = -d**3 - 9*d**2 - 14*d + 3. Determine c(-7).
3
Let p(q) = q + 68. Calculate p(0).
68
Let n(d) = 13*d**3 + 2*d**2 - 3*d - 4. What is n(-1)?
-12
Let u(o) = 10*o - 4. What is u(1)?
6
Let p(c) = 3*c + 23. What is p(-10)?
-7
Let a(x) = 11*x - 109. Determine a(10).
1
Let z(t) = t**2 + 13*t + 13. Determine z(-7).
-29
Let g(u) = -u**3 + 6*u**2 + 17*u - 57. Determine g(7).
13
Let q(h) = h**3 - h**2 - 2*h - 30. Give q(0).
-30
Let o(m) = 2*m + 8. Give o(-9).
-10
Let c(y) = 2*y + 1. Give c(2).
5
Let x(t) = 4*t**3 + 2*t**2 - t - 3. Give x(-1).
-4
Let d(l) = -l**3 + l**2 - 1. Calculate d(1).
-1
Let x(m) = 4*m**3 - 2*m - 3. Calculate x(-1).
-5
Let g(b) = -b**2 + 11*b + 3. What is g(6)?
33
Let m(h) = h**3 - 5*h**2 - 3*h - 23. What is m(6)?
-5
Let w(x) = -x + 2. Give w(9).
-7
Let l(o) = o + 4. Calculate l(10).
14
Let l(k) = -k**2 + 8*k - 14. Determine l(7).
-7
Let p(a) = 2*a**2 + 11*a - 3. Determine p(-5).
-8
Let k(x) = x**2 + 2*x + 9. Give k(-3).
12
Let h(p) = 10*p + 7. Calculate h(-5).
-43
Let m(v) = -2*v - 48. Determine m(-24).
0
Let b(i) = 2*i**2 + 8*i - 76. What is b(5)?
14
Let v(o) = -7*o**2 + 6*o + 12. Determine v(-2).
-28
Let m(j) = 2*j**3 + 12*j**2 - 14*j - 9. What is m(-7)?
-9
Let f(x) = -2*x - 22. Determine f(-16).
10
Let w(c) = -c**2 + 12. Give w(5).
-13
Let y(q) = q**3 - 5*q**2 + 6*q + 2. What is y(5)?
32
Let v(z) = -4*z + 54. Give v(15).
-6
Let o(m) = m**2 - m + 3. Determine o(4).
15
Let c(p) = -15*p + 62. Calculate c(7).
-43
Let u(b) = b**3 + 20*b**2 - 44*b + 12. Determine u(-22).
12
Let v(f) = 5*f + 4. What is v(6)?
34
Let d(p) = p